 3986?
2, 1993
List the prime factors of 2061.
3, 229
What are the prime factors of 72469?
72469
What are the prime factors of 124?
2, 31
What are the prime factors of 12003?
3, 4001
List the prime factors of 47577.
3, 15859
List the prime factors of 7174.
2, 17, 211
What are the prime factors of 17545?
5, 11, 29
What are the prime factors of 5674?
2, 2837
List the prime factors of 1686.
2, 3, 281
List the prime factors of 1594.
2, 797
What are the prime factors of 1640?
2, 5, 41
List the prime factors of 453.
3, 151
What are the prime factors of 133507?
11, 53, 229
List the prime factors of 36252.
2, 3, 19, 53
What are the prime factors of 10804?
2, 37, 73
What are the prime factors of 514?
2, 257
List the prime factors of 40178.
2, 20089
What are the prime factors of 4245?
3, 5, 283
List the prime factors of 11978.
2, 53, 113
What are the prime factors of 75737?
53, 1429
What are the prime factors of 2823?
3, 941
What are the prime factors of 1071?
3, 7, 17
What are the prime factors of 9689?
9689
What are the prime factors of 305?
5, 61
List the prime factors of 194.
2, 97
List the prime factors of 4037.
11, 367
What are the prime factors of 1642?
2, 821
What are the prime factors of 7380?
2, 3, 5, 41
List the prime factors of 10127.
13, 19, 41
What are the prime factors of 971?
971
What are the prime factors of 9756?
2, 3, 271
What are the prime factors of 2080?
2, 5, 13
List the prime factors of 5139.
3, 571
What are the prime factors of 84422?
2, 13, 17, 191
What are the prime factors of 112129?
112129
List the prime factors of 1042.
2, 521
List the prime factors of 785.
5, 157
List the prime factors of 15376.
2, 31
What are the prime factors of 343?
7
List the prime factors of 2422.
2, 7, 173
List the prime factors of 367.
367
List the prime factors of 1533.
3, 7, 73
What are the prime factors of 13716?
2, 3, 127
What are the prime factors of 1006?
2, 503
List the prime factors of 6504.
2, 3, 271
List the prime factors of 374.
2, 11, 17
What are the prime factors of 1682?
2, 29
What are the prime factors of 50707?
50707
What are the prime factors of 1281?
3, 7, 61
List the prime factors of 10111.
10111
What are the prime factors of 35099?
35099
What are the prime factors of 2223?
3, 13, 19
List the prime factors of 3524.
2, 881
List the prime factors of 1383.
3, 461
What are the prime factors of 238?
2, 7, 17
List the prime factors of 1366.
2, 683
What are the prime factors of 6060?
2, 3, 5, 101
List the prime factors of 678.
2, 3, 113
What are the prime factors of 3398?
2, 1699
List the prime factors of 21685.
5, 4337
List the prime factors of 1145.
5, 229
What are the prime factors of 9976?
2, 29, 43
What are the prime factors of 32251?
32251
What are the prime factors of 4069?
13, 313
List the prime factors of 11896.
2, 1487
What are the prime factors of 712?
2, 89
What are the prime factors of 49000?
2, 5, 7
What are the prime factors of 55931?
55931
List the prime factors of 37012.
2, 19, 487
List the prime factors of 2090.
2, 5, 11, 19
What are the prime factors of 31881?
3, 10627
List the prime factors of 1771.
7, 11, 23
What are the prime factors of 15833?
71, 223
List the prime factors of 2425.
5, 97
List the prime factors of 67532.
2, 16883
List the prime factors of 21803.
21803
List the prime factors of 452.
2, 113
List the prime factors of 43925.
5, 7, 251
List the prime factors of 6127.
11, 557
List the prime factors of 590.
2, 5, 59
What are the prime factors of 8911?
7, 19, 67
List the prime factors of 3437.
7, 491
List the prime factors of 30865.
5, 6173
List the prime factors of 3384.
2, 3, 47
List the prime factors of 6800.
2, 5, 17
What are the prime factors of 1221?
3, 11, 37
List the prime factors of 18526.
2, 59, 157
List the prime factors of 24790.
2, 5, 37, 67
What are the prime factors of 21076?
2, 11, 479
List the prime factors of 2174.
2, 1087
What are the prime factors of 4042?
2, 43, 47
List the prime factors of 1739.
37, 47
List the prime factors of 5706.
2, 3, 317
What are the prime factors of 5535?
3, 5, 41
List the prime factors of 62940.
2, 3, 5, 1049
List the prime factors of 11505.
3, 5, 13, 59
List the prime factors of 207.
3, 23
What are the prime factors of 118811?
7, 11, 1543
What are the prime factors of 5847?
3, 1949
List the prime factors of 4296.
2, 3, 179
What are the prime factors of 1653?
3, 19, 29
What are the prime factors of 6614?
2, 3307
List the prime factors of 177823.
177823
List the prime factors of 972.
2, 3
What are the prime factors of 4220?
2, 5, 211
List the prime factors of 1358.
2, 7, 97
What are the prime factors of 2920?
2, 5, 73
List the prime factors of 2250.
2, 3, 5
List the prime factors of 13511.
59, 229
List the prime factors of 225.
3, 5
What are the prime factors of 38956?
2, 9739
List the prime factors of 357.
3, 7, 17
What are the prime factors of 779?
19, 41
List the prime factors of 609.
3, 7, 29
What are the prime factors of 983?
983
List the prime factors of 3061.
3061
What are the prime factors of 141?
3, 47
What are the prime factors of 1611?
3, 179
List the prime factors of 137026.
2, 131, 523
List the prime factors of 6011.
6011
List the prime factors of 2431.
11, 13, 17
What are the prime factors of 44698?
2, 22349
What are the prime factors of 2175?
3, 5, 29
List the prime factors of 16613.
37, 449
What are the prime factors of 4241?
4241
What are the prime factors of 14444?
2, 23, 157
List the prime factors of 16296.
2, 3, 7, 97
List the prime factors of 3019.
3019
List the prime factors of 17828.
2, 4457
List the prime factors of 24669.
3, 2741
List the prime factors of 1900.
2, 5, 19
What are the prime factors of 83273?
83273
What are the prime factors of 31911?
3, 11, 967
List the prime factors of 2881.
43, 67
List the prime factors of 14304.
2, 3, 149
List the prime factors of 623.
7, 89
List the prime factors of 34697.
13, 17, 157
List the prime factors of 11208.
2, 3, 467
List the prime factors of 49813.
109, 457
List the prime factors of 7124.
2, 13, 137
What are the prime factors of 2190?
2, 3, 5, 73
List the prime factors of 1586.
2, 13, 61
List the prime factors of 22885.
5, 23, 199
List the prime factors of 22708.
2, 7, 811
What are the prime factors of 2777?
2777
List the prime factors of 37788.
2, 3, 47, 67
What are the prime factors of 4717?
53, 89
What are the prime factors of 1469?
13, 113
List the prime factors of 1344.
2, 3, 7
List the prime factors of 97901.
47, 2083
List the prime factors of 429.
3, 11, 13
List the prime factors of 90756.
2, 3, 2521
What are the prime factors of 17722?
2, 8861
What are the prime factors of 2151?
3, 239
List the prime factors of 9224.
2, 1153
What are the prime factors of 943?
23, 41
What are the prime factors of 3222?
2, 3, 179
What are the prime factors of 34356?
2, 3, 7, 409
What are the prime factors of 783?
3, 29
List the prime factors of 214.
2, 107
List the prime factors of 12858.
2, 3, 2143
What are the prime factors of 3891?
3, 1297
List the prime factors of 139.
139
What are the prime factors of 20949?
3, 6983
What are the prime factors of 196?
2, 7
What are the prime factors of 9?
3
What are the prime factors of 790?
2, 5, 79
List the prime factors of 5111.
19, 269
List the prime factors of 4993.
4993
List the prime factors of 23243.
11, 2113
List the prime factors of 567.
3, 7
List the prime factors of 2638.
2, 1319
What are the prime factors of 10466?
2, 5233
List the prime factors of 1506.
2, 3, 251
List the prime factors of 6839.
7, 977
List the prime factors of 114667.
7, 16381
What are the prime factors of 3322?
2, 11, 151
List the prime factors of 5729.
17, 337
List the prime factors of 18990.
2, 3, 5, 211
What are the prime factors of 32285?
5, 11, 587
What are the prime factors of 10939?
10939
List the prime factors of 415.
5, 83
List the prime factors of 1697.
1697
List the prime factors of 1981.
7, 283
What are the prime factors of 1548?
2, 3, 43
What are the prime factors of 274?
2, 137
What are the prime factors of 4121?
13, 317
List the prime factors of 809.
809
List the prime factors of 662.
2, 331
List the prime factors of 314.
2, 157
What are the prime factors of 35159?
35159
List the prime factors of 24182.
2, 107, 113
What are the prime factors of 5419?
5419
List the